- 2*q = -q + 70, 4*v + 4*q = 128. Suppose 31*u = v*u - 45. What are the prime factors of u?
3, 5
List the prime factors of 50 - 47 - 1*-2.
5
Let m = -2928 - -4492. What are the prime factors of m?
2, 17, 23
Suppose 0*r - 3*r = -q - 22, 3*r - 30 = -3*q. Suppose 5*y + 4*p - 40 = 0, -3*p + r = 2*y - 1. What are the prime factors of y?
2, 3
Suppose -l + 40 = -23. Suppose -5*d + 82 + l = 0. List the prime factors of d.
29
Suppose -k - 2 = k. Let v be (10/6 - k)*9. What are the prime factors of v/2 - (-1 + 2)?
11
Let h = 48 - 43. Suppose -h*v + 202 = -233. What are the prime factors of v?
3, 29
What are the prime factors of 1/4 - (-4)/48*6189?
2, 3, 43
Suppose -5*g + 926 = -1154. List the prime factors of g.
2, 13
Suppose 3*c + 1106 = 2*x, -4*c = 4*x - 1982 - 190. What are the prime factors of x?
547
Let p = -3350 + 5234. What are the prime factors of p?
2, 3, 157
Let r = 57 - 41. Suppose -3*q + r = 13. Let k(v) = 25*v + 1. What are the prime factors of k(q)?
2, 13
Let u = -240 + 339. Let p = u + -43. What are the prime factors of p?
2, 7
Let s be (-15)/((-180)/8) - 373/(-3). Let g = s + 41. What are the prime factors of g?
2, 83
Let f(q) = 5*q**2 - 2*q + 3. Let i be f(2). Suppose -3*x - 5*u = 20, -3*x - i + 0 = 4*u. Let r = 10 + x. What are the prime factors of r?
5
Suppose -15237 = 5*t + 3*m, 4 + 0 = 4*m. What are the prime factors of ((-1 + 2)/(-3))/(4/t)?
2, 127
Let g(v) = 267*v + 433. What are the prime factors of g(14)?
43, 97
Suppose -q - 3329 = -l, -2*l + 8*q + 6658 = 4*q. What are the prime factors of l?
3329
List the prime factors of 2789 + 1 - (-450)/45.
2, 5, 7
Suppose 2*p = 4*p. Let w = -8 + p. List the prime factors of (2 - w)/1 + -3.
7
Suppose -6973 = -17*q + 2989. List the prime factors of q.
2, 293
List the prime factors of 1/(-3) + (-2412)/(-27).
89
Let p(d) = -d**2 - 10*d + 6. Let h be p(-8). Suppose 5*q = 247 - h. What are the prime factors of q?
3, 5
Let y(d) = -d**2 + 2*d + 1. Let u be y(-1). What are the prime factors of 425/9 + u/9?
47
Let o(x) = 6*x**2 + 33*x + 33. What are the prime factors of o(-10)?
3, 101
Let x(b) be the second derivative of -b**5/20 + 3*b**4/4 + 11*b**3/6 - 6*b**2 + 12*b. What are the prime factors of x(9)?
3, 29
Suppose -15*p + 1479 = -1941. List the prime factors of p.
2, 3, 19
Suppose -13 - 5 = -6*i. Suppose 0 = -3*g - i*p + 189, 4*p - 239 = -5*g + 72. Suppose 2*f = -3*l + g, 5 + 23 = l - f. What are the prime factors of l?
23
List the prime factors of (-6091)/(-7) + (-6 - 533/(-91)).
2, 3, 5, 29
Let k = 463 + 2731. List the prime factors of k.
2, 1597
Let u(f) = -16*f + 3. Let p(q) = 2*q + 20. Let l be p(-11). List the prime factors of u(l).
5, 7
What are the prime factors of 6 + 42178/22 + 54/(-297)?
3, 641
Let j(v) = v**2 + 2*v + 25. Let d be j(0). Suppose 0*g + d = 5*g. Suppose w = -4*w - g*r + 60, r + 30 = 2*w. What are the prime factors of w?
2, 7
Suppose 2*c - i = 4, 4*i - 4 = 2*c - 4*c. Suppose 0 = c*w - 0*w - 120. Suppose -2*h - h = -w. List the prime factors of h.
2, 5
What are the prime factors of (-42573)/(-13) - (-58)/377?
5, 131
Suppose -o = -60 - 15. List the prime factors of 2 + o + (2 - 3/(-3)).
2, 5
Suppose -252 = 10*t - 4122. List the prime factors of t.
3, 43
Let o(t) = 3*t - 21. Let j be o(6). List the prime factors of (8/j)/(18/(-189)).
2, 7
Let l = 16 - -76. Suppose 2*m - l = 3*t - 4, 3*t + 41 = m. List the prime factors of m.
47
Let t(z) = 25 - 17 + 12*z - 32 - 28. List the prime factors of t(12).
2, 23
Let h = 59 - -244. What are the prime factors of h?
3, 101
List the prime factors of 15/(90/5016) - 4.
2, 13
Suppose -2*b + 3*l - 69 = 0, -b = -2*l + 29 + 5. What are the prime factors of 35 + 1/(-4) + b/48?
2, 17
Let c(y) = 689*y - 20. What are the prime factors of c(2)?
2, 7, 97
Suppose 55*z - 5628 = 43*z. List the prime factors of z.
7, 67
Let z = -2 - -61. Suppose b - z - 22 = 4*c, 0 = -b + 3*c + 84. What are the prime factors of b?
3, 31
List the prime factors of 776 + -12 + (1 - 3) + 8.
2, 5, 7, 11
Suppose -5*l - 1418 = -4*x + 984, -2*x + 1210 = 2*l. List the prime factors of x.
3, 67
Let i be -3 - 8*(1 + -2). Suppose i*l - 4*r = -437, -3*l + 2*r - 102 - 159 = 0. Let q = 130 + l. What are the prime factors of q?
3, 5
Let p be 22/(-8)*168/14. Let q = p + 38. Suppose 4*z + 3*d - 32 = 0, -z + q*z - 36 = -4*d. What are the prime factors of z?
5
Let t be 2/4 + 4/(-8). Suppose 2*f = -3*a + 4*f - 4, t = -2*a - 5*f + 10. Suppose 3*p - 4*p + 21 = a. List the prime factors of p.
3, 7
What are the prime factors of 2059/7 + 66/77?
5, 59
Suppose p = 3 - 0, 5*f - 5*p - 410 = 0. Let y = -41 + f. List the prime factors of y.
2, 11
Let u = 2568 + 3270. What are the prime factors of u?
2, 3, 7, 139
Let z = -18 + 21. Suppose -d - 36 = -z*k - 2, -k - 2 = 3*d. Let g = k + 27. What are the prime factors of g?
37
Suppose -2*x - 3*j = -4*j - 93, 3*x = -2*j + 150. Let g = x + -24. List the prime factors of g.
2, 3
Suppose 5*j - 3*c - 671 = 0, 14 = -4*c + 6. List the prime factors of j.
7, 19
Let g = 32 - 36. Let a(t) = -9*t + 4. What are the prime factors of a(g)?
2, 5
Suppose 56 = o + o. Suppose -4*l = 2*b - o, -4*b + l + 26 = -l. Suppose -b*k - 62 = -302. What are the prime factors of k?
2, 3, 5
Suppose 17*f - 16*f + r - 2124 = 0, 2*r - 10614 = -5*f. What are the prime factors of f?
2, 1061
Let w be -4*5/(-20) - 7. Let t = 27 + w. List the prime factors of t.
3, 7
Let r(j) = -6*j - 22. Let x be r(-4). Suppose -5*b + 0 = y + 6, -4*y = x*b - 48. List the prime factors of y.
2, 7
Let r be (1 + 185/(-15))*-60. Suppose -r = -3*w - 0*w - 4*k, 2*w - 3*k - 459 = 0. What are the prime factors of w?
2, 3, 19
Let o = -3 - -8. Suppose 0 = -4*v + o*z + 8, 8 = 3*v + v - 2*z. Suppose -4*b + 198 = -v*d, 2*b + 183 = 6*b + 3*d. List the prime factors of b.
2, 3
Let v be (-16)/56 + (-86)/(-7). What are the prime factors of 4/v*3 + 39?
2, 5
Let x = 2394 - 807. List the prime factors of x.
3, 23
Suppose 3051 = 3*u - 4*b, -2*b = 3*u - b - 3036. Suppose 155 = 8*k - u. List the prime factors of k.
2, 73
List the prime factors of (-2571)/(-1) - (-25 - -18).
2, 1289
Let j(a) = 18*a + 1. Let r = 12 + -12. Let l be 1*(r + 1)/1. What are the prime factors of j(l)?
19
Suppose 5*v = 3*w + 23, -5*w - 2 = -4*w + 4*v. Let q(l) = -13*l + 2. Let k be q(w). Suppose 2*j - 31 = -n, -8*n - k = -4*j - 4*n. List the prime factors of j.
17
Let p = -273 - -271. Let g(c) = 3*c**2 + c + 1. Let k be g(-3). List the prime factors of (9 + k)/(-1 - p).
2, 17
Let s(r) = r**3 - 7*r**2 - 5*r - 5. Suppose -b + l - 2*l = -18, 6 = -3*l. Let n be 8/b - 76/(-10). What are the prime factors of s(n)?
19
Suppose 5741 + 7059 = 4*u. List the prime factors of 2/(-3) - u/(-48).
2, 3, 11
Let i be -2*2/(-2)*-4. Let d = 278 - 282. Let u = d - i. List the prime factors of u.
2
Let c(d) = 8*d + 106. Let t be c(-13). Suppose 0 = -5*f + 10, t*f - 429 = -3*p + 376. What are the prime factors of p?
3, 89
Suppose 0*h + 3*h - 60 = 0. Suppose -3*f = -8*f + h. Suppose 5*d = -5*a + 3*d + 114, 3*d = -f*a + 87. List the prime factors of a.
2, 3
Suppose 4*c - 16 = -0*c. Let h = 0 + c. Suppose -10 + h = -2*n. What are the prime factors of n?
3
Let m be 10/(-40) - (-2)/8. Suppose m = y + 2*c - 10, c + 0*c - 30 = -3*y. List the prime factors of y.
2, 5
Let b(r) = -r**3 + 11*r + 6. Let t = 104 + -108. What are the prime factors of b(t)?
2, 13
Let c(h) = 135*h + 405. What are the prime factors of c(12)?
3, 5
Let w = -4 + 8. Let t(r) be the first derivative of -r**4/4 + 4*r**3/3 + 7*r**2/2 - 8*r - 281. What are the prime factors of t(w)?
2, 5
Let u(w) = 1221*w - 9. What are the prime factors of u(2)?
3, 811
Let p = 2569 + -1833. What are the prime factors of p?
2, 23
Let f(b) = b**2 + 5*b + 13. Let j = 4 + -2. Suppose 0 = 2*m + 3*m + 4*h + 44, 0 = -4*m - j*h - 34. List the prime factors of f(m).
37
Let z(w) = -w**3 - 11*w**2 - 7*w + 11. Let f be z(-9). Let k = 128 + f. What are the prime factors of k?
2, 5
Let r = -10 + 15. Suppose -2*f = k - 11, -4*k - 2*f + 6*f = 16. Let m = r - k. What are the prime factors of m?
2
Let l = -23 + 12. Let z(s) = -3 + 7 - 9 + 9*s + s**2. List the prime factors of z(l).
17
Let i be (35/(-14))/((-1)/4). Let j be (i/(-20))/(1/(-10)). Suppose 2*b = -4*u + 44, u + j*b + 7 = -0*u. List the prime factors of u.
13
Suppose 0 = -5*b - 2*j - j + 2205, 3